s digit of y?
5
Let k(l) = l**2 + l + 10. Let n be k(0). Let i be (16/n)/(7/35). Suppose -3*q = -5*q + i. What is the units digit of q?
4
What is the hundreds digit of -3*(12/6 + -3) - -1244?
2
Let b = -115 + 256. What is the units digit of b?
1
What is the tens digit of 2/(25018/(-25046) + (-3)/(-3))?
8
Let h(g) = -g**2 - 11*g + 3. Let p(a) = 3*a + 7. Suppose -3*i + i - 12 = 0. Let f be p(i). What is the units digit of h(f)?
3
Let o be 38 - (-4 + -3 + 3). Let n = o - -42. Suppose z - n = -z. What is the units digit of z?
2
Suppose 0 = -2*c - 0*c - 18. Let n = 8 + c. What is the tens digit of (0 - n)/(6/336)?
5
Let n(t) = 3*t**2 - 23*t - 74. What is the hundreds digit of n(19)?
5
Let v(n) = -n**3 - 7*n**2 - 7*n - 1. Let l be v(-7). Suppose -18 = -g + l. What is the tens digit of g?
6
Let z = 143 - 135. Suppose z*p = -2*p + 1980. What is the hundreds digit of p?
1
Suppose 0 = 24*z - 10*z - 18200. What is the units digit of z?
0
Suppose l = -4*l - 145. Let n(v) = 7*v - 301. Let c be n(48). Let q = l + c. What is the units digit of q?
6
Suppose -5*b - 3*m = -5393, 0 = b + 3*m + 112 - 1193. What is the thousands digit of b?
1
Let y(h) = 2*h**2 + 8*h - 1. Let x be y(-5). Let w(i) = i**2 + 8*i - 31. What is the units digit of w(x)?
2
Suppose -5*y - 12 = -3*h + 105, 2*y = 5*h - 214. What is the units digit of (-8)/h - (-1416)/44?
2
Let s(q) = q**3 - 7*q**2 + 8*q - 8. Let g be s(6). Suppose -2*w = x + g - 14, 5*x = -2*w + 10. Suppose x*d = 3*d - 105. What is the units digit of d?
5
Let f(v) = 534*v**2 - 2*v + 2. Let j be f(1). Suppose -3*b + 207 = -j. What is the units digit of b?
7
Let v = 17 - 2. Suppose -2*r + 15 = z - 12, -v = -5*z. What is the tens digit of r?
1
Let g(a) = -5*a + 6. Let f(l) = -4*l + 6. Let x(s) = 3*f(s) - 2*g(s). Let q = 1 + -8. What is the units digit of x(q)?
0
What is the tens digit of ((-20)/(-90))/(6/(-9))*-627?
0
Let q(y) = 3*y**3 - 17*y**2 - 22*y - 40. Let d(t) = -2*t**3 + 8*t**2 + 11*t + 20. Let l(c) = -5*d(c) - 3*q(c). What is the units digit of l(-10)?
0
What is the hundreds digit of (13 - 5)/(-8) - -1*702?
7
Suppose k - 5*y = 3086, 2*y + 9655 = 3*k + 358. What is the thousands digit of k?
3
Let u(d) = d**3 - 3*d**2 + 10*d - 2. Let q be u(6). Let n = q - 87. What is the tens digit of n?
7
Suppose -10 = -2*u, -3*u + 45 = -2*w + 7*w. Suppose -3*g = w, -6*a - 52 = -a - 4*g. What is the tens digit of ((-159)/(-6))/((-6)/a)?
5
Let o(b) = 123*b - 7*b - 3 + 54*b. What is the tens digit of o(1)?
6
Suppose 0 = 2*i - 4*h - 9426, 47*h = 44*h + 3. What is the hundreds digit of i?
7
Suppose -15865 = 20*n - 118045. What is the hundreds digit of n?
1
Let m(k) = k**2 + 47. Let a be -4 - ((-24)/3 + 4). What is the tens digit of m(a)?
4
Let a(x) be the third derivative of x**6/120 + 3*x**5/20 + 5*x**4/24 + 5*x**3/3 + 2*x**2. Let r be a(-8). Let h = r - 11. What is the tens digit of h?
2
Let o(a) = 12*a**2 + 32*a - 3. What is the thousands digit of o(14)?
2
Suppose 0*q + 3*q + 2*x - 5822 = 0, 0 = q - x - 1934. What is the units digit of q?
8
Suppose 5*b = b - 24. Let o(u) = u**2 + 11*u + 14. Let j be o(b). What is the tens digit of 1*-42*(15 + j)?
4
Let d = -770 - -1808. What is the tens digit of d?
3
Let x(q) = -6*q**2 - 8*q - 9. Let u be x(-4). Let m = -46 - u. What is the tens digit of m?
2
Suppose -5*d + 13660 = 5*n, -3*d - n + 3502 = -4696. What is the units digit of d?
3
Let b = 61 - 51. Suppose 8*f - b*f = -148. What is the tens digit of f?
7
Let i = -561 - -960. What is the units digit of i?
9
Suppose -4*j + 240 = -636. What is the tens digit of j?
1
Let b be 1/(-4) - (-9)/4. Let l(j) = 2*j + 1. Let n(c) = -10*c - 5. Let t(a) = -4*l(a) - n(a). What is the units digit of t(b)?
5
Suppose -37*o = -33*o - 1340. What is the tens digit of o?
3
Let l(u) be the second derivative of 3/2*u**2 + 1/6*u**3 + 0 - 2*u. What is the units digit of l(0)?
3
Let b(d) = 19*d - 52. What is the units digit of b(10)?
8
Let g be (-1)/(2 - 2754/1374). Let d = g + -159. What is the tens digit of d?
7
Let z be 4/(-3)*72/(-4). Let q be 42/z + 1/4. What is the tens digit of (-296)/(-20) - q/(-10)?
1
Let a(p) = p**2 + 4*p - 9. Let o = 16 - -8. Suppose -4*i + i = o. What is the units digit of a(i)?
3
Suppose -140 - 232 = -4*b. Suppose 5*x - b = 2*x. Suppose 0 = 2*f - 5*v - x - 14, 2*v = 2*f - 60. What is the units digit of f?
5
Let m = -492 - -1626. What is the thousands digit of m?
1
Suppose -2*l - b - 4*b = 53, 5*l + 146 = b. Let i = -18 - l. What is the tens digit of i?
1
Suppose 15*x - 9*x = 0. What is the units digit of (1 - x) + (1505/5 - 3)?
9
Let m(g) = g + 1. Let n(q) = -1. Let j(h) = m(h) + 6*n(h). Let s be ((-32)/(-40))/(1/15). What is the units digit of j(s)?
7
What is the hundreds digit of (1 + -1051)*(-146)/365?
4
Let g = -2 + 11. Let i = -5 + g. Suppose -i*q = -18 - 98. What is the units digit of q?
9
What is the hundreds digit of 4 - (6770/(-6) - 84/126)?
1
Let n(z) = z**3 + 20*z**2 - 15*z + 26. What is the units digit of n(-19)?
2
Suppose 4*b + 661 = 2*j + 99, -3*j = 3*b - 843. What is the tens digit of j?
8
Let c(z) = z - 5. Let k be c(10). Suppose 0 = -3*s + 3*o - 303, -k*s - 87 = 3*o + 394. What is the units digit of 1*6*s/(-21)?
8
Suppose 23*y - 16*y = 3570. What is the tens digit of y?
1
Let b(p) = -p**3 + p**2 - 14*p + 4. Let t be b(-9). Suppose t = d + 9*d. What is the units digit of d?
4
Let a(p) be the third derivative of 0*p + 0 - 4*p**2 + 0*p**3 - 1/6*p**4. What is the units digit of a(-1)?
4
Suppose 4*i - x - 279 = -2*x, 5*x = -2*i + 153. Let z = 112 - i. What is the tens digit of z?
4
Suppose -k - q + 977 = 0, 2*k - 2*q - 1969 = -q. Suppose -5*h + 1240 = -4*i - i, h + k = -4*i. What is the units digit of i/(-14) - (-4)/(-7)?
7
Let m = -20 - -10. Let r(k) = k**2 + 9*k - 10. Let b be r(m). Suppose -96 = -b*x - 2*x. What is the units digit of x?
8
Let n = 71 - 47. Suppose 3*k + n = 3*r, 0*k + 13 = 2*r - k. Suppose 0 = 2*q - 10, 5*q + 195 = r*s + 70. What is the units digit of s?
0
Let k(n) = -n**3 - 5*n**2 - 7*n. Let h be k(-3). Suppose 6*l - 3 = h. What is the units digit of (-9)/(-3) - l - -4?
6
Suppose -4*y + 75 = 11*y. Let t(m) = m - 1. Let d be t(6). Suppose y*w + d*u - 25 = 0, w + 4*u = -w + 2. What is the units digit of w?
9
Let k be 24*((-255)/(-4) - -3). Suppose -21*l + 3*l + k = 0. What is the tens digit of l?
8
Let x(d) = d**3 + 3*d**2 + d + 2. Let a = 7 - 10. Let u be x(a). What is the units digit of (13 - 30)*u*1?
7
Suppose -3194 = -8*f - 674. What is the units digit of f?
5
Suppose -2*i = 2*l - 18, 3*i + 7 = 4*l + 20. Let s = i + 45. Let d = 102 - s. What is the tens digit of d?
5
Suppose -8*u = 406 - 2350. Let j = -107 + u. What is the units digit of j?
6
Suppose 24*u + 1616 = 28*u. Suppose -d = -2*h - 133, -2*h - u - 261 = -5*d. What is the units digit of d?
3
Suppose 0*y = 2*y - 5*c - 852, -4*c + 1732 = 4*y. What is the hundreds digit of y?
4
Suppose 0 = v - 5*a + a - 335, 2*a = -v + 305. What is the tens digit of v?
1
Suppose 0*c = -2*c - 8. Let t be c/6 + 704/(-24). Let n = -19 - t. What is the tens digit of n?
1
Suppose 3*i = m - 9, m = 4*m - 3*i - 15. Suppose 5*k - m*k - 74 = 0. What is the tens digit of k?
3
Let r(g) = -30*g**2 - 45*g + 86. Let b(l) = 6*l**2 + 9*l - 17. Let z(u) = 11*b(u) + 2*r(u). What is the hundreds digit of z(4)?
1
Let x(d) = 4*d**2 + 8. Let z be x(-11). Let s = z + -300. What is the units digit of s?
2
Let q(g) = -2*g + 10. Let f be q(9). Let u(m) = m**2 + 6*m - 12. Let o be u(f). Suppose o*k - h - 12 = 0, 4*k + h = -0*h + 20. What is the units digit of k?
4
Let n be 3/(1*(-2)/(-6)). Let w = 138 - 122. Let l = w - n. What is the units digit of l?
7
Suppose -2*i - 2*j = -2, -3*i - 3*j - 2*j - 1 = 0. Suppose 3*x + 2*t - 220 = 0, 0 = -4*x - i*t + t + 294. What is the tens digit of x?
7
Let r = 6 + 3. Suppose -7*n + r*n - 232 = 0. Suppose -3*c + 7 = -n. What is the units digit of c?
1
Suppose 13 = m - 3*i, -2*m - m = 5*i + 17. What is the units digit of ((-10)/4)/((-4)/(-8) - m)?
5
Suppose 19*a - 1064 = 23*a. Let k(r) = -r**3 + 4*r**2 - 3*r. Let q be k(3). What is the tens digit of 0 + q + a/(-14)?
1
Suppose -5*p = -x + 4, 2*p = 6 - 0. Suppose x = 2*z + 3*f, 6*f - 9 = 3*f. Suppose -z*j = -112 - 53. What is the tens digit of j?
3
Suppose 3*t - 14*p - 14591 = -9*p, 4*t - 2*p = 19478. What is 